34
Let g(m) = -m**2 + 11*m - 20. Let q be g(8). Suppose -q*k + 38 - 15 = -3*r, -r - 15 = -5*k. Let n = 21 - 11. Calculate the highest common divisor of n and k.
2
Suppose -19*b + 14*b + 81 = 3*w, w = -3. What is the highest common divisor of b and 48?
6
Let b(d) = d - 2. Let z be b(4). Suppose 5*s + 6 = z*s. Let a be -6*s/3 + 5. Calculate the greatest common factor of a and 36.
9
Suppose 5*s = -5 - 15, -3*v = -s - 19. Suppose -3*i = -v*r - 7 - 35, 2*r + 4*i - 4 = 0. Let b = 14 + r. Calculate the greatest common factor of 12 and b.
4
Suppose 2*p + 0*p - 6 = 0, 5*c - 3*p = -34. Let f be 3/4*(-8)/(-1). Let h = f - c. What is the highest common divisor of 77 and h?
11
Let a be 2*50*10/25. What is the highest common factor of 136 and a?
8
Suppose -u + 4 + 1 = 0. Suppose -35 = -u*d + 3*v + 2*v, -v = 5*d - 5. Suppose d*t - 5*t + 57 = 0. What is the highest common factor of t and 57?
19
Let c be ((-2)/3)/((-2)/12). Suppose h - c*h = -3. Suppose -h = m - 21. Calculate the highest common factor of 10 and m.
10
Let p(s) = s**2 + 11*s + 12. Let w be p(-10). Suppose -1382*q + 16 = -1378*q. Calculate the highest common divisor of w and q.
2
Suppose 0 = -2*q + q + 36. Let v = 76 - q. Suppose -4*m - 112 = -2*t, -2*t = 2*m - 128 + v. Calculate the highest common factor of 12 and t.
12
Let b(q) = q**3 + 10*q**2 + 10*q + 4. Let h = 24 - 31. Let w be b(h). What is the highest common factor of w and 9?
9
Let x be (3 - 6/3) + -1. Suppose -4*g = -x*g. Let a be (-230)/(-10) + (4 - g). Calculate the greatest common factor of a and 3.
3
Suppose 96*n + 4 = 97*n. Let t be 0 + -2 + 187 + n. What is the highest common divisor of t and 27?
27
Let s(x) = 7*x**3 + x**2 - 2*x + 2. Let o be s(1). Suppose 4*w - 4 = -3*r, 5*w = -2*r - 3*r + 10. Calculate the greatest common divisor of r and o.
4
Let t = -26 - -35. Let a(r) = r**3 - 6*r**2 - 5*r + 3. Let v be a(7). Suppose -4*x = d + v, -d + 0*x - 2 = x. Calculate the highest common divisor of t and d.
3
Let u be 28/49 + (-1216)/(-28). Calculate the highest common divisor of u and 154.
22
Let j = -51 + 47. Let r = j + 9. What is the highest common divisor of r and 1?
1
Let h be (-16)/1*(-2)/1. Let o be (48/(-7))/(17/(-119)). Calculate the highest common factor of h and o.
16
Let o be -48*(0 - 6/8). Suppose -3*r - 2 = -14. What is the greatest common factor of o and r?
4
Suppose 0 = 3*k - 47 + 344. Let r be (2 - 4)*k/6. Calculate the highest common factor of r and 44.
11
Let m = 44 - 42. Let r be 15 + -14 + 13*1. Suppose 0*x = m*x - r. Calculate the greatest common factor of x and 7.
7
Suppose -2*x = 3*f - 6, -x + 3*x + 4*f - 8 = 0. Suppose x*i - 10 = -i. Let o be (-30)/(-4)*(-2 - -14). What is the greatest common factor of o and i?
10
Suppose 22 = 4*n - 2*n - 5*m, -2*m = -3*n + 22. Let c be 48/9*(-7 - (-23)/2). Calculate the highest common factor of n and c.
6
Suppose 0 = 10*d + 409 + 432 - 981. Let v(j) = -j**3 + j**2 + j + 56. Let k be v(0). What is the greatest common factor of k and d?
14
Let v be (-16)/6*9*88/(-16). What is the greatest common divisor of 11 and v?
11
Suppose 77 = y - b, 4*b - 2*b + 370 = 5*y. Calculate the highest common factor of 312 and y.
24
Let x(j) = -331*j - 1. Let p be x(-1). Suppose 13*b - 2633 = -2243. Calculate the greatest common divisor of p and b.
30
Suppose 0 = -2*q + 17 + 101. Let u = q + -54. What is the highest common divisor of 55 and u?
5
Let k = 1542 - 1536. Calculate the highest common divisor of 45 and k.
3
Let z(k) = -2*k**3 - 8*k**2 + 26*k + 24. Let h be z(-8). What is the highest common divisor of h and 82?
82
Suppose 4968 + 8052 = 31*m. What is the greatest common factor of 18 and m?
6
Let y(i) = -7*i - 7. Let q be y(-9). Suppose 55*j = q*j - 26. What is the highest common factor of j and 286?
26
Suppose 11*t + 17 + 5 = 0. Let y = t - -12. Let z be (-6)/(-2)*4/6. Calculate the greatest common factor of y and z.
2
Suppose z - 2*w = 974, 0*z + 4*w = 4*z - 3892. What is the greatest common factor of z and 36?
36
Suppose 2*j - 2*o + 20 = 0, -5*o - 64 = 4*j - 6. Let y be (-55)/(-4) + j/(-48). Let v = 19 - -16. Calculate the highest common factor of y and v.
7
Let i(t) = 24*t - 9. Let u be i(2). Calculate the greatest common divisor of 3 and u.
3
Let h(g) = -3*g**2 + 77*g - 66. Let r be h(24). What is the highest common factor of r and 2?
2
Let u be 18/(-189)*7 + (-1918)/(-6). Calculate the highest common divisor of u and 29.
29
Let d be (-1)/(-3)*1 + (-16720)/(-240). What is the highest common divisor of d and 630?
70
Suppose 0 = 5*h + 3*c - 136 - 282, -4*c - 245 = -3*h. Let t be 176/6 + 1/(-3). Let p = h - t. Calculate the highest common factor of 36 and p.
18
Let h(r) = 6 - 26 - 8*r - r - 24*r. Let i be h(-5). Calculate the highest common divisor of i and 58.
29
Suppose -4*p = -2*n + 6*n - 144, p + 4 = 0. Suppose 0 = -2*y - 3*c + 63, 5*y + 0*y + 5*c = 155. What is the highest common factor of y and n?
10
Let f(u) = u**2 - 8*u - 28. Let m(a) = 3*a**2 - 4*a - 3. Let i be m(-2). Let q be f(i). Calculate the highest common divisor of q and 25.
25
Suppose f + 1 + 4 = -2*h, -5*f - 25 = 0. Suppose b + 2*n + n - 72 = h, 288 = 4*b + 5*n. Let g be (9/6)/(9/48). What is the greatest common divisor of b and g?
8
Let z(o) = o**2 - o. Let n be z(-6). Let b = n + -21. Let l be (b/35)/((-1)/(-15)). What is the highest common factor of l and 6?
3
Let q = 149 + -6. Suppose -4*m + 52 = -17*d + 12*d, -2*d = 0. Calculate the highest common factor of m and q.
13
Suppose 0 = -16*u - 12*u + 3276. Calculate the greatest common divisor of u and 9.
9
Suppose -18 = -p - 2*p. Let a = 174 + -153. Calculate the greatest common factor of a and p.
3
Let k(j) = 28*j**2 - 2*j + 1. Let x be k(1). Let n = -12 + x. Let h be (n + -1)*(-10)/(-4). Calculate the highest common divisor of 14 and h.
7
Suppose -887 = -5*p - 11*k + 14*k, 712 = 4*p - 3*k. What is the greatest common divisor of 275 and p?
25
Suppose u - 109 = 36. Let t be (-7 - (-91)/14)/(4/(-232)). Calculate the greatest common divisor of u and t.
29
Let h = -49 + 63. Let s be ((-1)/(h/(-60)))/(9/126). Calculate the highest common divisor of 20 and s.
20
Let v(u) = 6*u + 53. Let r be v(-4). What is the highest common divisor of r and 551?
29
Let n be (-19270)/(-799) - (-4)/(-34). What is the highest common divisor of 184 and n?
8
Let f(x) = -4*x**3 + 3*x**3 + 10 + 27*x - 25*x**2 + 19. Let d be f(-26). What is the highest common factor of d and 33?
3
Suppose -4*b - c = -7*b + 39, -4*c + 12 = 2*b. Calculate the greatest common factor of b and 156.
12
Let q = -76 + 68. Let j = q + 63. What is the highest common divisor of 22 and j?
11
Let y be (-267)/21 + (-4)/14. Let b(u) = -25*u - 10. Let m be b(y). Suppose m = 3*w + 75. What is the greatest common divisor of w and 20?
20
Let w = -20 - -92. What is the greatest common divisor of w and 450?
18
Let f = 93 + -10. Suppose 0 = 4*k + f + 229. Let l = k - -120. Calculate the greatest common divisor of l and 63.
21
Let m be -166*6/9 - (-8)/(-6). Let k = 114 + m. What is the greatest common divisor of 4 and k?
2
Let h = -11 - -44. Suppose 2*v + v - 33 = 0. What is the greatest common factor of h and v?
11
Let m be 1*(6/(-9) - (-41)/3). Suppose 4*w - 3 = 5*r, 2*w + w = -2*r + 8. Suppose 16 + 218 = w*j. What is the highest common factor of m and j?
13
Let l(h) = -h**3 + 9*h**2 - 10*h - 3. Let v be l(6). Calculate the greatest common divisor of 25 and v.
5
Suppose 2*k - 8 + 0 = 0. Suppose 0*j + 15 = 5*j, 4*m - 64 = k*j. Let t(n) = -26*n - 2. Let a be t(-3). What is the greatest common factor of a and m?
19
Suppose -2*y - 132 = -3*y. Suppose -i - 5*b + 37 = 0, 3*i - 138 = -5*b - 57. What is the greatest common factor of i and y?
22
Suppose 0 = 4*r - 4*i - 28, r = 5*r + 5*i - 28. Suppose -r*u + 6*u = -20. What is the highest common divisor of 160 and u?
20
Let a(j) = j**3 - 4*j**2 - 6*j - 15. Let y be 31/93 - (40/3)/(-2). Let l be a(y). What is the greatest common divisor of 10 and l?
10
Let a = -147 + 227. What is the greatest common divisor of a and 360?
40
Let i(a) = 113*a - 9. Let s be i(2). Calculate the highest common factor of 31 and s.
31
Let h(c) = 5*c + 14. Let b be h(10). Let t = 92 - b. Let w be (40/30)/(4/126). What is the highest common factor of w and t?
14
Suppose 3*b - 7*b + 19 = d, 2*d + 3*b - 43 = 0. Let o 